-3*h + 95, 5*r = 4*h + 13 - 138. Suppose -2*c - 1 = -5. Suppose 0 = -c*s + 3 - 1, -25 = -4*x - s. What is the greatest common factor of x and h?
6
Suppose -2*z + 5*z = 24. Let y be 2/(-3)*(-66)/4. Let x = 9 + y. What is the greatest common factor of x and z?
4
Let p be (-20)/24*(-5 + -1). Suppose -2*b - 24 = -p*b + 3*n, -n = b - 2. Let h = 17 + -7. What is the greatest common divisor of b and h?
5
Let n(a) = 3*a. Let c be n(5). Let u = 10 - c. Let r(s) = -2*s + 2. Let o be r(u). What is the greatest common factor of 4 and o?
4
Let o = -5 - 5. Let q = -6 - o. What is the greatest common factor of q and 4?
4
Let t(f) = 2*f**3 - 17*f**2 + 3*f + 41. Let h be t(8). Let c = -1 - 1. Let k = -1 - c. What is the highest common factor of k and h?
1
Suppose -215 = 5*u - 10*u. Let k = u - 31. Let s be 4*21*k/9. Calculate the greatest common divisor of s and 16.
16
Let l(z) = -z**2 - 29*z - 72. Suppose -4*r = -12*r - 200. Let i be l(r). What is the highest common factor of 98 and i?
14
Let f(l) = -4*l**2 - 184*l - 32. Let j be f(-12). What is the highest common factor of j and 64?
64
Suppose 5*t - 4*f - 408 = 0, -4*t + 177 = -2*t + 3*f. What is the highest common factor of t and 48?
12
Suppose -39 - 863 = -11*q. Let w = 55 + -14. Calculate the highest common factor of w and q.
41
Suppose -r - 4*w + 46 = 0, 5*r - 150 = -5*w + w. Calculate the greatest common factor of r and 208.
26
Let a(r) = -r**2 - 12*r + 11. Let m be a(-12). Suppose 8 = 2*o - 0. Suppose -o*g - 33 = -7*g. Calculate the highest common factor of m and g.
11
Suppose 3*q + 2*q - 10 = 0. Suppose 3*r = -q*r. Let i be -1 - -2 - (r + -10). Calculate the greatest common divisor of i and 55.
11
Let r(p) = 21*p + 724. Let n be r(-32). What is the greatest common factor of 78 and n?
26
Let v(i) = i**2 + 4. Let f be v(0). Suppose 3777 + 163 = 5*m - 5*d, 3152 = f*m + 3*d. Suppose 0 = 5*h - m + 238. What is the highest common divisor of 44 and h?
22
Suppose -2*q + 3*u = -349, -q - 14*u + 182 = -18*u. What is the greatest common divisor of q and 17?
17
Suppose 19*g = 6*g + 156. Let j(x) = -x + 36. Let i be j(g). Suppose -11 = -2*o + 1. Calculate the greatest common factor of o and i.
6
Let l = -592 - -879. Suppose -2*p - 2*b - b + l = 0, p + 4*b - 141 = 0. What is the highest common divisor of p and 29?
29
Suppose -1 = -l + 1, -5*h - 3*l - 219 = 0. Let j be (-18)/h + (-196)/(-10). What is the greatest common divisor of 5 and j?
5
Suppose 19*u + 399 = 22*u + 4*x, 3*u - 4*x - 399 = 0. Let w = 47 - 28. Calculate the greatest common divisor of w and u.
19
Let m be ((-1)/(-3))/(4/312). Let b = -75 + 114. What is the highest common divisor of b and m?
13
Suppose 0 = l, -s - 2*l - 253 - 209 = 0. Let x be ((-2)/4)/(11/s). Let y = 237 + -6. Calculate the highest common factor of x and y.
21
Let q(s) = -s**2 + 4. Let h be q(0). Suppose 7*n - 6 = n. Let f be (-5 + n + 12 + 0)*2. What is the highest common divisor of f and h?
4
Suppose 126 = 7*p - 14*p. Let g = p - -104. Calculate the highest common divisor of 215 and g.
43
Let v(g) = -8*g + 0 + 1 - 9*g + 2*g. Let d be v(-1). Calculate the greatest common factor of 24 and d.
8
Suppose -9*s + 241 = -551. What is the highest common factor of 418 and s?
22
Let r(v) = 15*v. Let d be r(2). Let z = 49 - -17. Suppose -7*h - z = -381. What is the greatest common factor of h and d?
15
Suppose -4*s = -172 - 52. Let j = -23 + 31. Calculate the greatest common divisor of s and j.
8
Suppose 2*h - 15 - 11 = 2*w, w + 5*h = 17. Let q = 3 - w. Let n(a) = a**3 - 6*a**2 + 7*a + 1. Let z be n(5). Calculate the highest common factor of z and q.
11
Let z be (-2)/(-3) + -4 + 2998/3. Let k be (6/(-5))/2 - z/(-60). Calculate the greatest common factor of k and 16.
16
Let m(p) = p**3 + 10*p**2 + 20*p + 9. Let k = -3 + -3. Let a be m(k). Calculate the greatest common factor of 264 and a.
33
Suppose -98*y = -102*y - o + 459, 4*y - 5*o - 441 = 0. What is the greatest common factor of 18 and y?
6
Let c(r) = -5*r + 10. Let m be c(-4). Let b be (-1)/(228/(-75) + 3). Let i = b - 13. Calculate the greatest common factor of m and i.
6
Let c be 550/(-20)*16/(-10). Let j be ((-21)/14)/(2/(-88)). Calculate the highest common divisor of c and j.
22
Suppose -7*a = -4*a - 3. Let m(i) = i**2 - 4*i - 1. Let s be m(5). Suppose -s*d = -24 - 12. Calculate the greatest common divisor of a and d.
1
Let y be -8 - -12 - (-123 + -1). Let i = y + -64. Calculate the greatest common divisor of 16 and i.
16
Let y = 258 - 171. Calculate the greatest common divisor of 3 and y.
3
Let i = -1238 + 1301. Calculate the greatest common factor of i and 903.
21
Let k be -1 + 22 - (-14)/7. Calculate the highest common divisor of k and 23.
23
Suppose 2*r + 20 = 2*p + 3*r, 3*r = 12. Suppose 2*q - 2*u = p, -3*u = -4*u. What is the greatest common divisor of 20 and q?
4
Let k(i) = -6*i + 39. Let r be k(6). Let v be -4 - ((4 - r) + -8). What is the highest common factor of v and 3?
3
Suppose 8*z - 3*z - 15 = 0, -4*z - 1230 = -3*w. Let h = w + -158. What is the highest common divisor of h and 16?
16
Let x(w) = -4*w - 2. Let t be x(-1). Suppose -t*k - 9 + 75 = 0. Calculate the greatest common factor of 3 and k.
3
Let d(h) = -h**2 - h + 2. Let k be d(-2). Suppose k = 2*z - 25 - 55. Let o = z - -15. Calculate the greatest common factor of o and 11.
11
Let z be (522/135 - (-4)/30)/1. Calculate the highest common factor of 512 and z.
4
Suppose -161 = 7*x - 182. Suppose 2*y = 7*y - 15. What is the greatest common divisor of y and x?
3
Let k be 2/4*(-72)/(-1). What is the greatest common factor of k and 108?
36
Let j(k) = k**3 - 19*k**2 - 37*k - 9. Let c be j(21). Calculate the highest common factor of c and 128.
32
Let g = 49 - -2. Let i be 26/78 + (-16)/(-6). What is the greatest common factor of g and i?
3
Let g be (-1)/(-4) + 45875/100. What is the highest common factor of 27 and g?
27
Let j = 32 - 20. Let a = j - 6. Let g = a + 14. Calculate the greatest common divisor of g and 180.
20
Let k = -24 - -168. Suppose 11*v - v = 160. Calculate the highest common divisor of k and v.
16
Suppose 0 = -2*x - 6*o + 2*o + 88, 3*x = -o + 142. Suppose -20*b + x = -17*b. Calculate the greatest common factor of 16 and b.
16
Let y = 17 - -3. Suppose -5*r + 140 = -5*f, -3*r = -5*r - 5*f + 21. Suppose v = i - r - 138, i - 162 = 2*v. Calculate the highest common factor of y and i.
20
Let g(c) = 2*c**2 - 8*c + 16. Let x be g(11). Calculate the greatest common divisor of x and 51.
17
Let v be -1 + 55/2*2. Suppose -2*u - 4*u = -v. Calculate the greatest common factor of u and 1.
1
Let z(k) be the third derivative of k**5/30 + k**4/3 - 4*k**3/3 - 33*k**2. Let i be z(-5). Calculate the highest common factor of 16 and i.
2
Suppose r - 4 = z, z - r + 2*r = 4. Suppose -4*c + 41 = -103. Suppose -k - 2*k + c = z. Calculate the highest common factor of k and 4.
4
Suppose -3*p + 106 = -5*c - 38, -p = c - 48. Let t(n) = n**2. Let b be t(4). Calculate the greatest common factor of p and b.
16
Suppose w - 13*y = -11*y + 48, 2*y = -4*w + 152. Calculate the highest common divisor of w and 260.
20
Suppose -4*c - 5*a = -20, 2*a + 6 + 2 = 0. Let z be (1 + 6)*(c + 34). What is the highest common factor of 28 and z?
28
Let p be (-3)/(6/(-4))*(-4140)/(-40). What is the greatest common divisor of 9 and p?
9
Let q(u) = -u**3 - 3*u**2 - 2*u - 2. Let h be q(-4). Let f = -136 - -290. Calculate the highest common factor of h and f.
22
Let q(r) = r**3 - 4*r**2 + r - 2. Let l be q(4). Let u(y) = y**3 + 6*y**2 + 12*y + 36. Let h be u(-5). Calculate the greatest common divisor of l and h.
1
Let v = -15 - -27. Suppose v*h - 1970 = 538. What is the highest common factor of h and 19?
19
Let j be 92/6*246/41. Calculate the highest common divisor of j and 2852.
92
Let k(p) = -p + 12. Let v be k(0). Let w = 9 - -20. Suppose -9 = -3*r + 2*f + w, 4*f - 32 = -3*r. What is the greatest common factor of r and v?
12
Suppose 0 = 2*o - 5*u - 1515, -4*o + 0*u + 3070 = -2*u. Suppose -6*n = 4*n - o. What is the greatest common factor of 7 and n?
7
Suppose 150 = -11*y + 458. What is the highest common factor of y and 252?
28
Suppose 2*f = 4*j + 24 + 140, 3*f - 2*j - 262 = 0. What is the highest common divisor of f and 10?
10
Let j = -88 - -33. Let p = -45 - j. What is the greatest common divisor of p an